2 - 81*y + 5. Is l(q) a composite number?
True
Let m(l) = -1982*l**3 - 12*l**2 - 24*l + 1. Is m(-3) a prime number?
True
Suppose 7*k + 129048 = 15*k. Suppose -k = -10*v - 2161. Is v a prime number?
False
Let y = -67 - -24. Let v = 38 + y. Is v/30 - (-5871)/18 composite?
True
Suppose -440*q = 4*m - 435*q - 2631154, q - 1315580 = -2*m. Is m a composite number?
True
Let x(t) = -12*t - 80. Let o be x(-7). Suppose -2*l + 3849 + 8961 = -2*j, l - 6395 = -o*j. Is l a composite number?
True
Suppose -58 = -4*p + 114. Let g = p + -39. Suppose -c = 3*u + 477 - 1702, g*c - 2037 = -5*u. Is u composite?
False
Suppose -14*c = 3*f - 15*c - 84957, 3*c = 18. Is f a composite number?
True
Suppose 5*j - 14 = -3*f, -3*j + 2*f = -j - 12. Suppose 3*g - j*z = 15462, -4*g - 3*z = g - 25799. Is g composite?
True
Let v(l) = 4 + 4*l**2 - 65*l**3 + 40*l**3 + 9*l - 1 - 21*l**3 - 41*l**3. Is v(-7) prime?
False
Suppose x = -2*x - 60. Is 2/((-2)/7343)*(x - -19) a prime number?
False
Let v = -53 + 55. Is (904 - 5) + 5 + (-1 - v) composite?
True
Suppose -4 = -u, 971863 = 7*n - 2*n + 2*u. Is n composite?
False
Let q(u) = 3992*u - 2447. Is q(8) a prime number?
False
Let r(d) = 5*d**2 + 17*d - 12. Let a be r(-22). Let l be a/8*(-16)/(-36)*24. Let k = -1205 + l. Is k composite?
True
Let g = -8430634 - -15360705. Is g a composite number?
False
Let j(t) = 466*t**2 - 4*t - 9. Let f be j(-3). Suppose -7*v = -10*v + f. Is v prime?
True
Suppose 0 = d + 2*g + 3*g - 38, -d - 3*g + 32 = 0. Let h = -20 + d. Suppose 171 = -h*p + 3729. Is p a composite number?
True
Let b(m) = -1137*m**3 - 5*m**2 + 2*m + 5. Let l be b(2). Let q = l - -14452. Is q prime?
False
Let b be 8/((-24)/(-21)) + -198. Suppose -d - 2490 = 4*d. Let w = b - d. Is w prime?
True
Let m be (-6)/9*(-72)/16. Let y be 38932/9 + 12/54. Suppose -m*h + y = 561. Is h composite?
True
Let h = 7731 - 1378. Is h a composite number?
False
Let l(p) = 145*p + 10. Let t(o) = 289*o + 19. Let f(d) = -13*l(d) + 6*t(d). Let c be f(-17). Let k = c + -1817. Is k composite?
True
Let p(m) = -100*m**3 + 9*m**2 - m - 17. Is p(-8) a prime number?
True
Let o(b) = -b**2 + b + 12. Let c be o(4). Suppose v = -3*p - 3*v + 13927, c = 2*p - v - 9270. Suppose 2*y - p = -1263. Is y composite?
True
Let r(n) = -2004*n**3 + 108*n**2 + 573*n + 8. Is r(-5) a composite number?
False
Suppose -4*s + 16 = -2*s. Suppose m + 4*j - 1521 = 0, -s*m = -12*m - j + 6144. Is m composite?
True
Suppose f - 13014 = 5*c, -12964 = -f - c - 4*c. Suppose -2*l - v + 0*v + f = 0, l + 2*v = 6502. Suppose 0 = -4*a + l + 136. Is a prime?
True
Let x(v) = v + 27 - 3*v + 20*v**2 - 15*v**2 - 4*v. Let a be x(10). Let y = 398 + a. Is y a composite number?
True
Suppose 109*x - 127905327 - 64860628 = 0. Is x a composite number?
True
Let n(i) be the first derivative of -247*i**2 + 63*i + 62. Is n(-7) a prime number?
False
Let o = 810657 - 487034. Is o a prime number?
True
Let h(m) = 374*m + 91. Let b be h(10). Is b/(10/(40/6)) prime?
False
Suppose -5*q + 5*g + 685385 = 0, 3*q - g - 437234 = -26003. Is q a composite number?
False
Let r(n) = -185*n + 21. Let w be r(-2). Let p = w - 329. Is p prime?
False
Let l = 3082 + -2180. Suppose -5*u + l = -4*u. Suppose -x + p + u = 0, -4 = -5*p + 21. Is x a composite number?
False
Suppose -4*j - 3*b - 7 = 0, -13*j - 1 = -9*j - 3*b. Is 4/(-2) + -4 - (-484 + j) prime?
True
Let g be (((-32)/(-12))/4)/((-4)/(-18)). Suppose g*n = -2*n - 305. Let w = -50 - n. Is w a composite number?
False
Suppose -35*s + 31*s + 3*y + 391096 = 0, 4*y = 2*s - 195558. Is s composite?
False
Let y(z) = 3444*z + 209. Is y(21) composite?
False
Suppose 12*x - 1217197 = -102229. Suppose 0 = 40*g - 132006 - x. Is g prime?
True
Let j(f) = 57610*f - 9. Is j(8) prime?
True
Suppose 5*v = -5*g + 30, -4*v - 9*g = -7*g - 20. Suppose 0 = 5*i - i + 20, 0 = -3*o + v*i + 1481. Is o prime?
True
Suppose a = -3*r + 1780873, 28*r - 29*r = -3*a + 5342619. Is a a composite number?
False
Let a = -112 - -113. Is 2 + -1 + a + (-5499)/(-1) composite?
False
Let t = 309702 - 209997. Suppose -t = -23*z + 79442. Is z composite?
False
Let c(o) = 9467*o**2 + 389*o + 19. Is c(-6) a prime number?
True
Suppose 4*v - 2395 = -v - 4*p, 1437 = 3*v - 4*p. Suppose 3129 = -2*c + v. Let s = 2386 + c. Is s prime?
True
Suppose -5*j - c + 3063362 = 0, -3063327 = -5*j + 10*c - 6*c. Is j a prime number?
True
Suppose 2*z = -8432 - 3760. Let y = z + 12077. Is y a prime number?
True
Let w(q) = -8*q - 9. Let c be w(-7). Suppose -52*n = -c*n - 6130. Is n a prime number?
False
Let z be 12354/21 - (-2)/(-7). Suppose 2*w = -z - 1590. Let y = w + 1896. Is y a composite number?
True
Suppose -5*c + 3650 = -10*c. Let z be 1362 - (4/2 - 1). Let p = z + c. Is p a prime number?
True
Suppose -13*h = -1863303 + 90857. Is h a composite number?
True
Let t(d) = -4*d + 559. Suppose f = -4*f + 3*f. Suppose -3*l - 3 = 6*o - 3*o, 2*o + 3*l + 3 = f. Is t(o) prime?
False
Suppose d = -2*t + 5, -5*t - d - 2*d = -12. Suppose 0*p - 744 = -t*p. Let c = p - 163. Is c prime?
False
Suppose -u = -2*b + 4*b + 43, 3*b = 4*u - 92. Is (-1)/((b/112116)/(0 + 2)) a composite number?
False
Let n be (21/(-49) + (-160)/(-14))*-461. Let f = 9054 + n. Is f prime?
False
Let x(d) = d**2 + 14*d. Let h be x(-14). Suppose -13012 = -2*n - 2*j + 7*j, 3*n + 5*j - 19493 = h. Suppose -14*p + n = -11*p. Is p a composite number?
True
Let u(g) = 4*g + 12. Let c be u(-4). Let b be c/(-6) - 4/(-24)*-4. Suppose b = 3*p - 9 - 2382. Is p a composite number?
False
Let u(p) = -p**2 + 12*p + 28. Let y be u(14). Suppose -4*z = y, -5*l - 6*z + 2*z = -3995. Is l a composite number?
True
Suppose -p + 945 = -1245. Is (p/(-12))/((-6)/12) prime?
False
Suppose 892 = 9*n - 13*n. Let l = n - -379. Suppose 4*o = 8*o - l. Is o a prime number?
False
Suppose 0 = 67*g - 57*g. Is (g - 2/(-4))/((-6)/(-35268)) a prime number?
True
Let j(a) = 5389*a - 126. Let k(g) = -g**3 - 22*g**2 - 23*g - 39. Let f be k(-21). Is j(f) prime?
False
Suppose 89*o - 147*o + 15282884 = 0. Is o prime?
False
Suppose -38*u = -41*u + 12. Let i(s) = -1 - 3 + 37*s - 3 - u. Is i(6) a prime number?
True
Let p be 1*(4 - -2)/3. Suppose -f + p*b = 3, 2 = 4*f + 5*b - 38. Suppose -f*x - 10 = 5, -2*a + 2*x = -304. Is a a composite number?
False
Suppose -g = -5*g - h - 11, -3*h = 3*g + 15. Let y = g + 4. Suppose 2*x - 1591 = u, y*u = -x - u + 806. Is x a prime number?
True
Let w(g) = 59*g + 2. Let k be w(1). Let p = -56 + k. Suppose 0 = -p*n + 2487 + 1208. Is n composite?
False
Suppose -38*d + 43*d = -c + 189876, 3*c = -3*d + 569688. Is c a composite number?
False
Suppose -5*n - 10 + 30 = 0. Suppose 0*p - 3*x = p + 7, 4*x - 4 = -n*p. Suppose p*k - 747 = -4*k. Is k composite?
False
Let x(c) = c**2 - 31*c - 102. Let d be x(34). Suppose 3*y - 2*q = 19417, -3*y + 5*q - 11162 + 30594 = d. Is y a composite number?
False
Let d = 142 - 139. Suppose -k = -4*t + 745, 3*k - 409 - 131 = -d*t. Is t a prime number?
False
Let h be 3/(-2) - ((-15510)/20 - -9). Let g = h + -428. Is g a prime number?
True
Let t be (-48*56/36)/((-1)/3). Suppose -11*a + 20621 = -t. Is a composite?
True
Suppose b - 2 = -0. Suppose b*m = -3*j - 11, 2*m = 5*j + 11 + 18. Suppose -m*f = 2*w - 170, -2*w - 3*f + 0*f + 173 = 0. Is w a prime number?
False
Let m(s) = 5 - 3*s + 4*s**2 + 9*s**2 - 6*s**2. Let v be m(-8). Is (v/(-36))/(-1*2/24) prime?
False
Let q = -578 + 583. Suppose -u = -q*o + 8*o - 10390, 4*o + 31235 = 3*u. Is u composite?
True
Let g = -5 - 5. Let x(a) be the first derivative of -3*a**2/2 - 9*a + 445. Is x(g) composite?
True
Let y(d) = -420*d**3 - 6*d**2 - 25*d + 324. Is y(-11) composite?
False
Suppose -8*t + 2820347 = -3*t - 3*p, -564055 = -t + 3*p. Is t a composite number?
True
Is (-145748)/(-7) + (-1620)/70 + 23 a prime number?
False
Let q(l) = l**2 + 18*l + 14. Let n be q(-17). Is 310 + (9 - 8)*n a composite number?
False
Suppose 0 = -h + 4*u + 70321, -234798 + 23835 = -3*h + 2*u. Is h a prime number?
True
Suppose -431*q + 8940936 = -30140851. Is q composite?
False
Suppose 3*v - b = b + 10655, -4*b = 5*v - 17751. Let g be 1 + 6 + 2 + -3. Suppose g*r - v = 2275. Is r a composite number?
False
Let w = 208 - 217. Let s(f) = -2*f**3 - 5*f**2 + 7*f - 16. Is s(w) composite?
True
Let c = 294725 + -108292. Is c composite?
True
Let y be 2/4*(16 + 0). Suppose -13*z + y*z = 2*i - 10266, 0